{"id":278,"date":"2020-07-21T17:20:21","date_gmt":"2020-07-21T17:20:21","guid":{"rendered":"http:\/\/www.rechtpraktisch.com\/?page_id=278"},"modified":"2023-11-14T09:18:03","modified_gmt":"2023-11-14T09:18:03","slug":"veranstaltungsort","status":"publish","type":"page","link":"https:\/\/www.rechtpraktisch.com\/?page_id=278","title":{"rendered":"Veranstaltungsort"},"content":{"rendered":"<h2>Veranstaltungsort<\/h2>\n<div>\n<h4>Die Tagungen fanden 2020 bis 2022 im \u201e<a href=\"https:\/\/milchwerk-radolfzell.de\/\" target=\"_blank\" rel=\"noopener\">Milchwerk<\/a>\u201c in Radolfzell statt.<\/h4>\n<h4>Seit 2023 findet die Veranstaltung in der Comturey auf der Insel Mainau statt. Die Tagungsr\u00e4ume auf der Blumeninsel haben Seeblick und bieten professionelle Tagungstechnik. Die Teilnehmenden haben den ganzen Tag freien Eintritt und k\u00f6nnen den Parkplatz auf der Insel benutzen. F\u00fcr das leibliche Wohl mit einem Mittagsessen, Pausensnacks, Geb\u00e4ck und Getr\u00e4nken wird gesorgt.<\/h4>\n<p>\u00a0<\/p>\n<\/div>\n<div>\n<p><strong>Anschrift<\/strong><\/p>\n<p>Insel Mainau GmbH<br \/>78465 Insel Mainau<br \/>Deutschland<\/p>\n<p>Durch die g\u00fcnstige Verkehrsanbindung ist die Insel Mainau im Bodensee bequem zu erreichen. Zum Beispiel mit dem Flugzeug aus dem nahe gelegenen Z\u00fcrich (75 km), aus der Zeppelinstadt Friedrichshafen (55 km) oder aus der baden-w\u00fcrttembergischen Landeshauptstadt Stuttgart (175 km). Auch die Anfahrt mit PKW und Bahn und Bus oder Fahrrad ist unkompliziert. Die Insel Mainau ist weitr\u00e4umig bestens ausgeschildert. Ggf. ist die Anreise auch per Schiff m\u00f6glich.\u00a0 Weitere Informationen unter <a href=\"https:\/\/www.mainau.de\" target=\"_blank\" rel=\"noopener\">www.mainau.de<\/a>.<\/p>\n<\/div>\n<ul>\n<li>\n<\/li>\n<li>\n<p>        <img src=\"\/wp-content\/uploads\/Schloss-Mainau.jpg\" alt=\"\"><\/p>\n<\/li>\n<li>\n<p>        <img src=\"\/wp-content\/uploads\/Luftaufnahme-Insel-Mainau-al.jpg\" alt=\"\"><\/p>\n<\/li>\n<li>\n<p>        <img src=\"\/wp-content\/uploads\/Comturey_Aussenansicht-Tag.jpg\" alt=\"\"><\/p>\n<\/li>\n<li>\n<p>        <img src=\"\/wp-content\/uploads\/Parlament.jpg\" alt=\"\"><\/p>\n<\/li>\n<li>\n<p>        <img src=\"\/wp-content\/uploads\/Buffet.jpg\" alt=\"\"><\/p>\n<\/li>\n<li>\n<p>        <img src=\"\/wp-content\/uploads\/jahresmotto-2020-achim-mende.jpg\" alt=\"\"><\/p>\n<\/li>\n<\/ul>\n<div>\n<p><a target=\"_blank\" href=\"https:\/\/www.rechtpraktisch.com\/wp-content\/uploads\/Inselplan-Anfahrt_Parkplatz-Schwedenschenke-1.pdf\">Anfahrt zur Insel Mainau \/ Inselplan<\/a><\/p>\n<\/div>\n<p><!-- {\"name\":\"RP Ort\",\"type\":\"layout\",\"children\":[{\"name\":\"\",\"type\":\"section\",\"props\":{\"style\":\"default\",\"width\":\"expand\",\"vertical_align\":\"middle\",\"title_position\":\"top-left\",\"title_rotation\":\"left\",\"title_breakpoint\":\"xl\",\"image_position\":\"center-center\",\"padding\":\"small\",\"padding_remove_bottom\":false,\"animation_delay\":false,\"image\":\"wp-content\\\/uploads\\\/abstract_hall.jpg\",\"animation\":\"fade\"},\"children\":[{\"name\":\"\",\"type\":\"row\",\"children\":[{\"name\":\"\",\"type\":\"column\",\"props\":{\"image_position\":\"center-center\",\"width_medium\":\"xlarge\",\"media_overlay_gradient\":\"\",\"style\":\"secondary\"},\"children\":[{\"type\":\"headline\",\"props\":{\"title_element\":\"h2\",\"content\":\"Veranstaltungsort\"}},{\"type\":\"text\",\"props\":{\"margin\":\"default\",\"column_breakpoint\":\"m\",\"content\":\"\n\n<h4>Die Tagungen fanden 2020 bis 2022 im \\u201e<a href=\\\"https:\\\/\\\/milchwerk-radolfzell.de\\\/\\\" target=\\\"_blank\\\" rel=\\\"noopener\\\">Milchwerk<\\\/a>\\u201c in Radolfzell statt.<\\\/h4>\\n\n\n<h4>Seit 2023 findet die Veranstaltung in der Comturey auf der Insel Mainau statt. Die Tagungsr\\u00e4ume auf der Blumeninsel haben Seeblick und bieten professionelle Tagungstechnik. Die Teilnehmenden haben den ganzen Tag freien Eintritt und k\\u00f6nnen den Parkplatz auf der Insel benutzen. F\\u00fcr das leibliche Wohl mit einem Mittagsessen, Pausensnacks, Geb\\u00e4ck und Getr\\u00e4nken wird gesorgt.<\\\/h4>\\n\n\n<p>\\u00a0<\\\/p>\"}}]},{\"type\":\"column\",\"props\":{\"image_position\":\"center-center\",\"media_overlay_gradient\":\"\",\"width_medium\":\"expand\"},\"children\":[]}],\"props\":{\"layout\":\"large,expand\",\"column_gap\":\"large\",\"row_gap\":\"large\"}}]},{\"type\":\"section\",\"props\":{\"style\":\"default\",\"width\":\"default\",\"vertical_align\":\"middle\",\"title_position\":\"top-left\",\"title_rotation\":\"left\",\"title_breakpoint\":\"xl\",\"image_position\":\"center-center\"},\"children\":[{\"type\":\"row\",\"children\":[{\"type\":\"column\",\"props\":{\"image_position\":\"center-center\",\"media_overlay_gradient\":\"\"},\"children\":[{\"type\":\"text\",\"props\":{\"margin\":\"default\",\"column_breakpoint\":\"m\",\"content\":\"\n\n<p><strong>Anschrift<\\\/strong><\\\/p>\\n\n\n<p>Insel Mainau GmbH<br \\\/>78465 Insel Mainau<br \\\/>Deutschland<\\\/p>\\n\n\n<p>Durch die g\\u00fcnstige Verkehrsanbindung ist die Insel Mainau im Bodensee bequem zu erreichen. Zum Beispiel mit dem Flugzeug aus dem nahe gelegenen Z\\u00fcrich (75 km), aus der Zeppelinstadt Friedrichshafen (55 km) oder aus der baden-w\\u00fcrttembergischen Landeshauptstadt Stuttgart (175 km). Auch die Anfahrt mit PKW und Bahn und Bus oder Fahrrad ist unkompliziert. Die Insel Mainau ist weitr\\u00e4umig bestens ausgeschildert. Ggf. ist die Anreise auch per Schiff m\\u00f6glich.\\u00a0 Weitere Informationen unter <a href=\\\"https:\\\/\\\/www.mainau.de\\\" target=\\\"_blank\\\" rel=\\\"noopener\\\">www.mainau.de<\\\/a>.<\\\/p>\"}}]}]},{\"type\":\"row\",\"children\":[{\"type\":\"column\",\"props\":{\"image_position\":\"center-center\",\"media_overlay_gradient\":\"\"},\"children\":[{\"type\":\"gallery\",\"props\":{\"show_title\":true,\"show_meta\":true,\"show_content\":true,\"show_link\":true,\"show_hover_image\":true,\"grid_default\":\"1\",\"grid_medium\":\"3\",\"filter_style\":\"tab\",\"filter_all\":true,\"filter_position\":\"top\",\"filter_align\":\"left\",\"filter_grid_width\":\"auto\",\"filter_grid_breakpoint\":\"m\",\"overlay_mode\":\"cover\",\"overlay_hover\":true,\"overlay_style\":\"overlay-primary\",\"text_color\":\"light\",\"overlay_position\":\"center\",\"overlay_transition\":\"fade\",\"title_hover_style\":\"reset\",\"title_element\":\"h3\",\"meta_style\":\"meta\",\"meta_align\":\"below-title\",\"link_text\":\"Details\",\"link_style\":\"default\",\"text_align\":\"center\",\"margin\":\"default\",\"item_animation\":\"\",\"lightbox\":true},\"children\":[{\"type\":\"gallery_item\",\"props\":{\"image\":\"\"}},{\"type\":\"gallery_item\",\"props\":{\"image\":\"wp-content\\\/uploads\\\/Schloss-Mainau.jpg\"}},{\"type\":\"gallery_item\",\"props\":{\"image\":\"wp-content\\\/uploads\\\/Luftaufnahme-Insel-Mainau-al.jpg\"}},{\"type\":\"gallery_item\",\"props\":{\"image\":\"wp-content\\\/uploads\\\/Comturey_Aussenansicht-Tag.jpg\"}},{\"type\":\"gallery_item\",\"props\":{\"image\":\"wp-content\\\/uploads\\\/Parlament.jpg\"}},{\"type\":\"gallery_item\",\"props\":{\"image\":\"wp-content\\\/uploads\\\/Buffet.jpg\"}},{\"type\":\"gallery_item\",\"props\":{\"image\":\"wp-content\\\/uploads\\\/jahresmotto-2020-achim-mende.jpg\"}}],\"name\":\"RP-Gallery\"},{\"type\":\"text\",\"props\":{\"margin\":\"default\",\"column_breakpoint\":\"m\",\"content\":\"\n\n<p><a target=\\\"_blank\\\" href=\\\"https:\\\/\\\/www.rechtpraktisch.com\\\/wp-content\\\/uploads\\\/Inselplan-Anfahrt_Parkplatz-Schwedenschenke-1.pdf\\\">Anfahrt zur Insel Mainau \\\/ Inselplan<\\\/a><\\\/p>\"}}]}]}]}],\"version\":\"2.1.2\"} --><\/p>\n","protected":false},"excerpt":{"rendered":"<p>Veranstaltungsort Die Tagungen fanden 2020 bis 2022 im \u201eMilchwerk\u201c in Radolfzell statt. Seit 2023 findet die Veranstaltung in der Comturey auf der Insel Mainau statt. Die Tagungsr\u00e4ume auf der Blumeninsel haben Seeblick und bieten professionelle Tagungstechnik. Die Teilnehmenden haben den ganzen Tag freien Eintritt und k\u00f6nnen den Parkplatz auf der Insel benutzen. F\u00fcr das leibliche [&hellip;]<\/p>\n","protected":false},"author":1,"featured_media":0,"parent":0,"menu_order":0,"comment_status":"closed","ping_status":"closed","template":"","meta":[],"_links":{"self":[{"href":"https:\/\/www.rechtpraktisch.com\/index.php?rest_route=\/wp\/v2\/pages\/278"}],"collection":[{"href":"https:\/\/www.rechtpraktisch.com\/index.php?rest_route=\/wp\/v2\/pages"}],"about":[{"href":"https:\/\/www.rechtpraktisch.com\/index.php?rest_route=\/wp\/v2\/types\/page"}],"author":[{"embeddable":true,"href":"https:\/\/www.rechtpraktisch.com\/index.php?rest_route=\/wp\/v2\/users\/1"}],"replies":[{"embeddable":true,"href":"https:\/\/www.rechtpraktisch.com\/index.php?rest_route=%2Fwp%2Fv2%2Fcomments&post=278"}],"version-history":[{"count":92,"href":"https:\/\/www.rechtpraktisch.com\/index.php?rest_route=\/wp\/v2\/pages\/278\/revisions"}],"predecessor-version":[{"id":1679,"href":"https:\/\/www.rechtpraktisch.com\/index.php?rest_route=\/wp\/v2\/pages\/278\/revisions\/1679"}],"wp:attachment":[{"href":"https:\/\/www.rechtpraktisch.com\/index.php?rest_route=%2Fwp%2Fv2%2Fmedia&parent=278"}],"curies":[{"name":"wp","href":"https:\/\/api.w.org\/{rel}","templated":true}]}}